 the remainder when 145347 is divided by 48432.
51
What is the remainder when 467158 is divided by 5?
3
What is the remainder when 1454 is divided by 416?
206
Calculate the remainder when 7825 is divided by 97.
65
What is the remainder when 3576 is divided by 39?
27
What is the remainder when 7506 is divided by 845?
746
What is the remainder when 666 is divided by 162?
18
Calculate the remainder when 20202 is divided by 4040.
2
Calculate the remainder when 38075 is divided by 892.
611
Calculate the remainder when 4673 is divided by 120.
113
Calculate the remainder when 11297 is divided by 8.
1
What is the remainder when 2600 is divided by 337?
241
What is the remainder when 474 is divided by 228?
18
What is the remainder when 4884 is divided by 19?
1
Calculate the remainder when 3404 is divided by 44.
16
What is the remainder when 3054 is divided by 7?
2
What is the remainder when 430858 is divided by 79?
71
What is the remainder when 31040 is divided by 13?
9
What is the remainder when 66260 is divided by 37?
30
What is the remainder when 5073 is divided by 27?
24
What is the remainder when 3219 is divided by 641?
14
Calculate the remainder when 5529 is divided by 128.
25
Calculate the remainder when 306097 is divided by 236.
5
Calculate the remainder when 24140 is divided by 3445.
25
Calculate the remainder when 6456 is divided by 3207.
42
Calculate the remainder when 54018 is divided by 282.
156
Calculate the remainder when 1009 is divided by 234.
73
Calculate the remainder when 558790 is divided by 60.
10
What is the remainder when 139517 is divided by 109?
106
Calculate the remainder when 3322 is divided by 3287.
35
What is the remainder when 285095 is divided by 25917?
8
What is the remainder when 5401 is divided by 5394?
7
Calculate the remainder when 23996 is divided by 632.
612
What is the remainder when 1701 is divided by 122?
115
What is the remainder when 2023 is divided by 1011?
1
Calculate the remainder when 72070 is divided by 116.
34
Calculate the remainder when 19007 is divided by 22.
21
Calculate the remainder when 898434 is divided by 154.
152
What is the remainder when 107369 is divided by 6315?
14
Calculate the remainder when 21123 is divided by 308.
179
Calculate the remainder when 29106 is divided by 76.
74
What is the remainder when 1857519 is divided by 856?
855
Calculate the remainder when 1941 is divided by 385.
16
Calculate the remainder when 11312 is divided by 135.
107
Calculate the remainder when 28342 is divided by 692.
662
What is the remainder when 203794 is divided by 33965?
4
What is the remainder when 4909 is divided by 483?
79
What is the remainder when 2449 is divided by 333?
118
What is the remainder when 4325 is divided by 2152?
21
What is the remainder when 73013 is divided by 85?
83
Calculate the remainder when 7162 is divided by 515.
467
Calculate the remainder when 156219 is divided by 2231.
49
Calculate the remainder when 135199 is divided by 1218.
1
What is the remainder when 702 is divided by 7?
2
Calculate the remainder when 1343939 is divided by 447976.
11
What is the remainder when 195623 is divided by 65193?
44
What is the remainder when 370563 is divided by 10?
3
Calculate the remainder when 522 is divided by 90.
72
What is the remainder when 21494 is divided by 8?
6
What is the remainder when 11859 is divided by 55?
34
What is the remainder when 30607 is divided by 9?
7
Calculate the remainder when 150196 is divided by 23.
6
What is the remainder when 135534 is divided by 242?
14
Calculate the remainder when 217605 is divided by 1769.
18
What is the remainder when 42240 is divided by 95?
60
What is the remainder when 52680 is divided by 10536?
0
Calculate the remainder when 45285 is divided by 53.
23
What is the remainder when 123489 is divided by 41160?
9
Calculate the remainder when 11765 is divided by 473.
413
What is the remainder when 296292 is divided by 313?
194
Calculate the remainder when 84206 is divided by 42091.
24
Calculate the remainder when 34736 is divided by 316.
292
What is the remainder when 14035 is divided by 4656?
67
Calculate the remainder when 597797 is divided by 610.
607
Calculate the remainder when 1792 is divided by 1614.
178
Calculate the remainder when 78694 is divided by 10.
4
What is the remainder when 1847 is divided by 898?
51
Calculate the remainder when 550 is divided by 228.
94
What is the remainder when 29081 is divided by 168?
17
What is the remainder when 943 is divided by 313?
4
Calculate the remainder when 10135 is divided by 15.
10
What is the remainder when 366 is divided by 338?
28
What is the remainder when 127253 is divided by 1743?
14
What is the remainder when 6842 is divided by 104?
82
Calculate the remainder when 2766648 is divided by 9.
3
What is the remainder when 425266 is divided by 47?
10
Calculate the remainder when 449366 is divided by 89873.
1
What is the remainder when 31697 is divided by 440?
17
What is the remainder when 34130 is divided by 11366?
32
What is the remainder when 5236 is divided by 29?
16
What is the remainder when 45756 is divided by 462?
18
What is the remainder when 40465 is divided by 3?
1
What is the remainder when 40387 is divided by 140?
67
What is the remainder when 20659 is divided by 20639?
20
What is the remainder when 1269 is divided by 68?
45
Calculate the remainder when 223590 is divided by 485.
5
What is the remainder when 409983 is divided by 14?
7
What is the remainder when 16405 is divided by 4099?
9
What is the remainder when 1510390 is divided by 611?
609
Calculate the remainder when 27767 is divided by 262.
257
What is the remainder when 106087 is divided by 156?
7
Calculate the remainder when 91579 is divided by 15260.
19
Calculate the remainder when 1419 is divided by 29.
27
Calculate the remainder when 644734 is divided by 62.
58
Calculate the remainder when 33676 is divided by 2244.
16
Calculate the remainder when 91389 is divided by 49.
4
What is the remainder when 9011 is divided by 106?
1
What is the remainder when 3315 is divided by 91?
39
Calculate the remainder when 5239 is divided by 7.
3
Calculate the remainder when 74996 is divided by 25.
21
Calculate the remainder when 1085399 is divided by 108.
107
Calculate the remainder when 23758 is divided by 216.
214
What is the remainder when 16376 is divided by 1976?
568
Calculate the remainder when 5274 is divided by 1292.
106
Calculate the remainder when 179117 is divided by 89557.
3
Calculate the remainder when 89096 is divided by 225.
221
Calculate the remainder when 2657 is divided by 664.
1
Calculate the remainder when 34073 is divided by 19.
6
Calculate the remainder when 3764 is divided by 23.
15
Calculate the remainder when 5118 is divided by 1017.
33
Calculate the remainder when 1396 is divided by 99.
10
Calculate the remainder when 798784 is divided by 669.
667
Calculate the remainder when 6667 is divided by 111.
7
What is the remainder when 44593 is divided by 381?
16
Calculate the remainder when 2984576 is divided by 20.
16
Calculate the remainder when 2694 is divided by 179.
9
Calculate the remainder when 925 is divided by 437.
51
Calculate the remainder when 27996 is divided by 61.
58
Calculate the remainder when 12997013 is divided by 953.
952
Calculate the remainder when 225940 is divided by 84.
64
Calculate the remainder when 40695 is divided by 186.
147
Calculate the remainder when 42829 is divided by 10707.
1
Calculate the remainder when 8156 is divided by 118.
14
Calculate the remainder when 564615 is divided by 141153.
3
What is the remainder when 60208 is divided by 9?
7
Calculate the remainder when 12349 is divided by 3086.
5
Calculate the remainder when 16748 is divided by 8366.
16
Calculate the remainder when 10855 is divided by 232.
183
What is the remainder when 526 is divided by 43?
10
Calculate the remainder when 22655 is divided by 515.
510
What is the remainder when 15659 is divided by 18?
17
What is the remainder when 80584 is divided by 726?
724
Calculate the remainder when 1876 is divided by 594.
94
What is the remainder when 55266 is divided by 5023?
13
Calculate the remainder when 33344 is divided by 11074.
122
What is the remainder when 3247 is divided by 52?
23
What is the remainder when 72850 is 